2)/(-1). What is the greatest common divisor of 42 and r?
14
Suppose 5*d = 3*d. Suppose -3*l + 4*c = 9 - 65, 0 = -2*l - 3*c + 43. Suppose v + d = l. What is the greatest common divisor of v and 5?
5
Let a be 7 - (3 + 4 - 3). Calculate the greatest common factor of 3 and a.
3
Suppose -3*k - 63 = -5*g, 3 = k + 4. Let b be (2/3)/((-5)/(-15)). Let d = 16 + b. Calculate the greatest common factor of d and g.
6
Let p be (3/(-1)*-1)/(-33 - -36). What is the greatest common divisor of p and 9?
1
Let h be (-108)/(-20) - 6/(-10). Suppose 0*t + h = 3*t. Calculate the highest common factor of 10 and t.
2
Let u = 18 + -10. Let i = 76 - 72. Calculate the highest common divisor of u and i.
4
Suppose 0 = 90*w - 91*w + 18. Suppose 0 = 2*g + 4*m - 82, 45 = 2*g + 3*m - 39. What is the greatest common factor of w and g?
9
Let x be -2 - 5/(5/77). Let s = 151 + x. Calculate the greatest common divisor of s and 9.
9
Let l(y) = -y**2 + 7*y - 4. Let h be l(6). Suppose -630 = -4*i + 5*v, 3*i - h*v + 6*v - 488 = 0. What is the greatest common divisor of 20 and i?
20
Let f be 3/2 - 205/(-2). What is the highest common divisor of f and 13?
13
Let x = 23 + 37. Suppose 5*w - 3*i = i + 60, 5*w - 5*i = x. Calculate the greatest common factor of w and 24.
12
Let b = 7 + -5. Suppose -432 = -b*f - 2*f. Suppose 2*o - o = 18. Calculate the highest common factor of o and f.
18
Let k = -139 - -195. Suppose -i + 2 - 1 = 0. Let s(f) = 8*f**3 + f - 1. Let m be s(i). Calculate the highest common factor of k and m.
8
Suppose -3*n + 5*c = -141, 2*n + 2*c = -35 + 113. Calculate the greatest common divisor of 56 and n.
14
Let d(m) = -m**3 + m**2 - m - 1. Let a be d(-1). Suppose 3 = a*i - 13. Let r(l) = 2*l - 2. Let q be r(5). What is the greatest common factor of i and q?
8
Let x(v) = 4*v + 3. Let p be (-3)/(-1) + 0/2. Let d be x(p). Let c be (23 + 4 - -3)/(0 - -1). Calculate the greatest common factor of c and d.
15
Let r = 1 + -2. Let b be (r*1)/(2/(-4)). Calculate the highest common divisor of 2 and b.
2
Let u(v) = -48*v + 1. Let o be u(-2). Suppose -o = -4*r - 1. Let n be 30/8 + (-1)/(-4). Calculate the highest common divisor of n and r.
4
Let s be (0 + (-3)/(-6))*38. Calculate the greatest common divisor of s and 152.
19
Suppose 2*c = -0*c + 16. Suppose i + 2 = -3, -3*o + 40 = -5*i. Let p be (1 + -25)*(-6 + o). What is the greatest common factor of p and c?
8
Let t be 17 - 1/(2/2). Let u be (-21)/(-5) - 1/5. Let w be 513/u + (-3)/12. Calculate the highest common divisor of w and t.
16
Let p = 134 + -78. Calculate the greatest common factor of p and 14.
14
Suppose 3*m = 4*m + 5*x - 8, 2*m + 2*x = 24. Suppose -2*r - o + 183 = 0, -2*r + 5*o = -3*r + 96. Calculate the highest common factor of r and m.
13
Let b be ((-6)/12)/((-1)/18). Calculate the highest common divisor of 36 and b.
9
Let y be 10*(3 - 2/1). Let u be (36/y)/((-6)/(-20)). Let b be (-12)/(-40)*5*8. What is the highest common divisor of u and b?
12
Let p(k) = k**3 - 10*k**2 + k + 2. Let z be p(10). Calculate the highest common factor of z and 6.
6
Let y = -22 + 98. Calculate the highest common divisor of 114 and y.
38
Suppose p + p = 176. Calculate the highest common factor of 22 and p.
22
Let l(j) = -12*j - 8. Let u be l(-3). What is the highest common divisor of u and 4?
4
Let r = 33 + -20. Suppose -5*t - b = -r - 8, -3*b - 9 = -3*t. What is the greatest common factor of t and 44?
4
Let c be (-3)/5 - 1107/(-45). Calculate the greatest common factor of 12 and c.
12
Let u be (-7)/(-2) + 4/(-8). Suppose 2*q - 440 = -u*q. Let y(j) = 8*j**3 - 3*j + 3. Let s be y(1). Calculate the greatest common factor of s and q.
8
Let g(b) = 2*b**3 + 4*b**2 + 3. Let k be g(-3). Let j be (-162)/(-10) + 3/k. Calculate the highest common factor of j and 40.
8
Suppose -5*o + 6 = -4*o. What is the highest common factor of o and 42?
6
Let z(i) = i**3 - 2*i**2 - 4*i - 4. Let j be z(4). Suppose 0 = u + 3*u - 4*f - 72, -2*u + j = 4*f. What is the highest common divisor of u and 112?
14
Let s(w) = w**3 + 16*w**2 + 14*w - 11. Let g be s(-15). Calculate the greatest common factor of g and 4.
4
Let n(i) = 2*i**3 - 3*i**2 + 4*i - 2. Let l be n(2). Let m(h) = -h**3 + 3*h**2 + 4*h + 3. Let r be m(-2). What is the highest common factor of l and r?
5
Suppose 2*u + 2*u - 56 = 0. What is the highest common factor of u and 14?
14
Let w(y) = y**3 + 5*y**2 - 6*y + 6. Let d be w(-6). Suppose -a = -d*a + 130. What is the greatest common divisor of 13 and a?
13
Let w(y) = y**2 + 28*y - 11. Let t be w(-29). What is the greatest common factor of 24 and t?
6
Let b = 15 - 9. Suppose 2*v - b = -2. Calculate the greatest common factor of 8 and v.
2
Suppose w - 2*v = v + 34, -5*v - 115 = -4*w. Calculate the highest common factor of w and 175.
25
Let l be (-3)/((-9)/6) - 540/(-5). What is the highest common divisor of 22 and l?
22
Suppose 4*k = -0*k + 4. Let g = 23 + -47. Let l be (26 - k)*g/(-15). Calculate the greatest common factor of 5 and l.
5
Suppose 0*c - 8 = -4*c. Let b be (1/(-3))/(6/(-72)). Suppose -c*k + 26 = 5*u, -2 = -3*u + b. What is the greatest common factor of k and 32?
8
Let x be 558/7 - 4/(-14). Let l be 44/(-8)*-4 - (1 + 1). Calculate the greatest common divisor of x and l.
20
Let t be (-418)/(-154) + (-4)/(-14). Calculate the highest common factor of t and 27.
3
Suppose 71 + 1 = 2*j. What is the greatest common factor of j and 18?
18
Let g(o) be the second derivative of -o**5/20 + 3*o**4/4 + 5*o**3/3 + 2*o**2 - 3*o. Let u be g(10). What is the highest common divisor of u and 2?
2
Let n(u) = -5*u + 2. Let k be n(-15). What is the greatest common divisor of k and 11?
11
Suppose -2*u - 6 = -30. Suppose 2*g - 4 = u. Calculate the greatest common divisor of g and 64.
8
Suppose -l + 6 = -1. What is the highest common divisor of 7 and l?
7
Let o = 105 - 35. Calculate the greatest common divisor of o and 14.
14
Let p = -46 + 80. What is the greatest common factor of 102 and p?
34
Suppose -2*q - 4*o - 4 = -0*q, 0 = 4*q - 3*o - 25. Suppose -21 = -q*t + t. Let n = 119 + -56. Calculate the highest common divisor of t and n.
7
Let n = 110 - 58. What is the highest common factor of n and 26?
26
Let k be (-18)/99 - (-497)/11. Let r = k - 25. Calculate the highest common factor of r and 30.
10
Suppose -i + 3*i = 24. Suppose -19 = 4*q + 29. Let f = q - -24. What is the highest common factor of i and f?
12
Suppose -j - 2520 = -7*j. Calculate the highest common divisor of j and 42.
42
Suppose 5*r + 10 = -0, -4*u - 2 = -r. Let d be 2/(-2*u/(-123)). Let i = -33 - d. What is the highest common factor of i and 10?
10
Let y be 3/12 - (-23)/4. Calculate the highest common divisor of 18 and y.
6
Suppose o + 4*m = m + 6, -2 = -m. Let c(h) = h + 9. Let i be c(o). What is the greatest common factor of i and 9?
9
Let f be (-12)/(-7) + 6/21. What is the highest common factor of 22 and f?
2
Let x(w) = 3*w - 3. Let y be x(4). Suppose 28 = n + 3*n. Suppose 0 = l - n + 1. What is the greatest common factor of l and y?
3
Suppose 11*b = 7*b + 276. What is the greatest common divisor of b and 23?
23
Suppose -2*h = -5*h + 63. Let m be (-258)/21 + 4/14. Let i = m + h. Calculate the greatest common factor of i and 18.
9
Suppose -2*o - 6 + 22 = 0. Let x be (4*4)/(2/11). Calculate the greatest common divisor of o and x.
8
Let d = 3 + -9. Let m be 54/4*(-4)/d. Suppose 0 = -n + m. What is the greatest common factor of 45 and n?
9
Suppose -2*p + 18 = -z, -1 + 3 = z. Suppose -5*x - 140 = -p*x. Suppose 5*c + 193 = 543. What is the greatest common divisor of x and c?
14
Let t = 5 + -3. Let d be (-2)/(-10) - 48/(-10). What is the highest common divisor of d and t?
1
Let q(n) = -n**2 + 5*n - 2. Let t be q(2). Let i be t*1 + (10 - -4). Calculate the highest common divisor of 27 and i.
9
Suppose -138 = 4*m - 7*m - 3*h, -5*m - 3*h + 234 = 0. Suppose 5*n = 6*n + 3. Let w be (-16)/3*n/1. What is the greatest common divisor of w and m?
16
Let x = -36 - -26. Suppose h + h - 8 = 0. Let u be h/x - (-32)/5. What is the greatest common factor of u and 12?
6
Suppose 3*h + 2 = 5*h. Let w = 18 + -16. Calculate the highest common divisor of h and w.
1
Suppose -5*j + 5 = -5. Let p(m) = 5*m**2 + 2*m. Let y be p(j). Calculate the greatest common divisor of y and 16.
8
Let i(y) = 2*y - 7. Let q(o) = -o**2 - 7*o + 5. Let 